*2 - 5*p + 12. Determine i(9).
48
Let s(u) = 20*u + 1037. Calculate s(-52).
-3
Let u(d) = -d**2 - d + 46. Calculate u(-7).
4
Let k(p) = 50*p**3 + 5*p**2 - 3*p + 12. Calculate k(2).
426
Let n(z) = z**3 - 28*z**2 + 38*z - 497. Determine n(27).
-200
Let w(i) = -3*i + 158. Determine w(-20).
218
Let t(h) = h**3 - 21*h**2 + 35*h + 72. Determine t(19).
15
Let z(l) = l**2 + 1992*l - 13990. What is z(7)?
3
Let n(k) = 23*k + 54. What is n(1)?
77
Let o(f) = 710*f - 5698. Determine o(8).
-18
Let u(p) = 210*p - 11970. Determine u(57).
0
Let s(z) = 3*z**3 - 24*z**2 - 16*z - 94. Give s(9).
5
Let q(i) = -i**2 + 295*i + 2109. Give q(-7).
-5
Let l(r) = -5*r**2 - 31*r + 6. What is l(-3)?
54
Let h(d) = 27*d - 51. Calculate h(3).
30
Let v(l) = -4625*l - 36993. Calculate v(-8).
7
Let v(p) = 680*p + 4086. Give v(-6).
6
Let h(d) = -363*d - 10881. Determine h(-30).
9
Let c(h) = -357*h**2 + 16*h - 2. Determine c(-2).
-1462
Let u(n) = n**2 + 20*n - 602. Give u(16).
-26
Let m(j) = 3*j - 123. What is m(40)?
-3
Let t(d) = -d**2 + 14*d + 4. Calculate t(16).
-28
Let c(z) = -z**3 + 47*z**2 + 440*z - 20. What is c(55)?
-20
Let q(c) = -19*c**2 + 5*c + 17. Give q(-5).
-483
Let s(c) = 170*c + 71. Calculate s(-3).
-439
Let f(y) = 104*y**3 + 2*y**2 - 116*y + 114. Give f(1).
104
Let j(r) = -r**3 + 7*r**2 + 65*r + 26. Give j(-5).
1
Let u(k) = k**2 + 36*k - 204. Determine u(-27).
-447
Let g(c) = -7*c**2 + 126*c + 282. Give g(20).
2
Let y(b) = -2*b**3 + 182*b**2 - 124*b - 4954. Give y(90).
86
Let k(j) = 3*j**3 - 91*j**2 + 50*j - 603. Give k(30).
-3
Let t(z) = -z**2 - 6017*z - 7. Give t(0).
-7
Let q(n) = n**2 - 187*n - 35552. Determine q(-117).
16
Let o(w) = -w**3 - 23*w**2 - 56*w - 271. What is o(-21)?
23
Let g(y) = -654*y - 3229. Determine g(-5).
41
Let j(m) = -2329*m - 2297. What is j(-1)?
32
Let u(w) = -24*w + 327. Calculate u(13).
15
Let i(k) = 45*k - 135. Calculate i(6).
135
Let t(r) = r**2 + 1738*r - 12239. Calculate t(7).
-24
Let v(t) = t**3 + 45*t**2 + 132*t + 260. Calculate v(-42).
8
Let t(c) = -206*c - 7409. Give t(-36).
7
Let s(g) = 2*g**3 + 64*g**2 - 954*g - 350. Determine s(-43).
-6
Let h(q) = 2*q**2 - 43*q - 38. Determine h(19).
-133
Let y(c) = c**3 + 14*c**2 + 9*c - 42. Calculate y(-13).
10
Let o(x) = -3*x**3 - 34*x**2 + 29*x + 8. What is o(-12)?
-52
Let r(f) = -364*f - 37143. Give r(-102).
-15
Let o(u) = 129*u + 10695. Give o(-82).
117
Let k(v) = 544*v + 1632. Give k(-3).
0
Let y(q) = q**3 - 7*q**2 - 13*q + 16. Determine y(6).
-98
Let l(s) = s**3 + 22*s**2 - 20*s - 21. What is l(-23)?
-90
Let q(i) = -i**3 + 37*i**2 - 102*i - 153. Calculate q(34).
-153
Let m(r) = 12*r**2 + r + 3. What is m(0)?
3
Let x(i) = -2*i**3 - 142*i**2 + 11*i + 773. Give x(-71).
-8
Let p(l) = 16*l**2 + 705*l + 60. Determine p(-44).
16
Let w(s) = -3*s**3 + 14*s**2 + 29*s - 143. Calculate w(7).
-283
Let q(t) = -11*t - 2. What is q(3)?
-35
Let w(r) = -5*r + 45. Give w(12).
-15
Let y(p) = -p**3 - 16*p**2 - 62*p + 11. Determine y(-9).
2
Let u(s) = -s**3 - 45*s**2 - s + 104. What is u(-45)?
149
Let x(c) = -2*c**2 + 209*c - 2162. Calculate x(93).
-23
Let k(l) = -13*l**3 - 33*l**2 + 3*l - 7. Determine k(-3).
38
Let f(q) = -5*q**2 + 35*q + 43. What is f(-1)?
3
Let q(z) = -6*z**2 - 43*z - 23. Calculate q(-8).
-63
Let p(z) = 58*z**2 + 108*z - 12. What is p(-2)?
4
Let t(u) = 44*u + 8937. Determine t(-203).
5
Let j(y) = 7008*y - 98117. Calculate j(14).
-5
Let i(n) = -n**3 + 29*n**2 + 62*n - 28. What is i(31)?
-28
Let v(n) = n**3 - 29*n**2 + 3*n - 83. What is v(29)?
4
Let l(g) = -4*g**2 - 942*g + 3838. Give l(4).
6
Let k(u) = 108*u - 19253. Give k(178).
-29
Let q(z) = 2*z**3 + 4*z**2 - 44*z + 80. Give q(2).
24
Let b(l) = l**2 + 1051*l + 3143. Give b(-3).
-1
Let t(f) = -f**2 - 88*f - 1030. Give t(-14).
6
Let v(j) = -2*j**2 - 56*j + 80. Determine v(-27).
134
Let y(s) = 37*s + 101. What is y(-8)?
-195
Let d(b) = 2*b**2 - 477*b - 2445. Give d(-5).
-10
Let r(n) = 2*n**3 - 28*n**2 + 4*n - 66. Determine r(14).
-10
Let u(w) = -6*w**2 - 3292*w + 16593. Give u(5).
-17
Let u(o) = -94*o + 4014. What is u(42)?
66
Let h(p) = 2*p**2 - 12*p - 875. Determine h(-18).
-11
Let r(h) = h**3 - 3*h**2 + 42*h + 185. Determine r(-3).
5
Let u(a) = -518*a - 2051. Determine u(-4).
21
Let m(t) = -t**3 - 41*t**2 - 15*t - 609. What is m(-41)?
6
Let i(g) = -g**2 - 8*g + 419. Determine i(-25).
-6
Let d(u) = 10*u**3 + 133*u**2 + 40*u + 22. Calculate d(-13).
9
Let x(n) = 4*n**2 - 26*n - 22. Determine x(5).
-52
Let u(m) = -4*m**2 - 75*m - 116. Calculate u(-17).
3
Let r(o) = -13*o**2 + 70*o + 17. Calculate r(5).
42
Let c(y) = 680*y + 2017. What is c(-3)?
-23
Let u(p) = -14*p**2 - 160*p + 20. Determine u(-10).
220
Let n(h) = 4*h**3 + 181*h**2 + 1074*h + 17. Give n(-7).
-4
Let p(t) = -221*t - 460. Calculate p(-4).
424
Let d(y) = -692*y - 13145. Calculate d(-19).
3
Let l(p) = 442*p - 6179. What is l(14)?
9
Let b(k) = 2*k**3 - 32*k**2 - 42*k + 157. Give b(17).
21
Let u(v) = v**3 + 3*v**2 + 6*v + 16. Give u(-3).
-2
Let x(f) = -15*f**2 - 644*f + 45. Give x(-43).
2
Let v(c) = -c**3 + 19*c**2 + 57*c + 248. What is v(22)?
50
Let k(i) = 9*i + 61. What is k(-4)?
25
Let k(s) = 2*s**3 - 3*s**2 + 76*s - 151. Give k(2).
5
Let q(v) = 399*v + 68630. Give q(-172).
2
Let s(h) = 32*h**3 + 290*h**2 - 13*h - 56. What is s(-9)?
223
Let d(x) = -x**2 - 25*x + 105. Determine d(-25).
105
Let w(x) = x**3 - 4*x**2 + 7*x + 1. Calculate w(-4).
-155
Let u(k) = 10*k**2 - 124*k - 29. Calculate u(14).
195
Let l(s) = s**3 + 3*s**2 - 31*s - 85. What is l(-6)?
-7
Let q(t) = -1726*t + 22445. Determine q(13).
7
Let g(m) = 19*m**2 + 138*m - 30. Calculate g(-8).
82
Let t(d) = 4*d**2 + 129*d - 108. Determine t(-33).
-9
Let r(d) = 2*d**2 + 307*d + 3136. Give r(-11).
1
Let r(s) = s**3 - 14*s**2 + 11*s - 20. What is r(13)?
-46
Let p(t) = t**2 + 39*t + 211. What is p(-7)?
-13
Let j(a) = -7*a**3 + 3*a**2 + 12*a - 15. Calculate j(1).
-7
Let w(c) = 32*c**3 + 2*c**2 - 3*c - 6. Give w(-1).
-33
Let j(u) = 10*u + 353. Give j(-19).
163
Let m(p) = -p**3 - 31*p**2 + 176*p - 133. Calculate m(-36).
11
Let q(n) = 76*n - 1390. Give q(19).
54
Let g(s) = 34*s + 500. Determine g(-30).
-520
Let n(i) = 4*i**3 - 126*i**2 - 63*i - 53. Calculate n(32).
-21
Let w(f) = f**2 + 26*f - 730. Calculate w(17).
1
Let s(k) = -628*k + 6909. Calculate s(11).
1
Let c(j) = 11*j + 1032. Determine c(-83).
119
Let w(t) = 8*t**3 - 3*t**2 - 10*t - 14. Determine w(-2).
-70
Let t(u) = -u**2 - 257*u + 2120. What is t(8)?
0
Let h(v) = -v**2 + 78*v - 231. Give h(75).
-6
Let p(u) = -28*u - 4178. What is p(-149)?
-6
Let p(w) = 11*w**3 + 1496*w**2 - 2*w - 124. Calculate p(-136).
148
Let p(g) = -g**2 + 832*g - 3322. Determine p(4).
-10
Let p(c) = -c**2 + 74*c + 7649. Give p(132).
-7
Let v(o) = 78*o - 300. Calculate v(4).
12
Let d(o) = -2*o**2 + 65*o - 454. Give d(22).
8
Let y(u) = 7*u**2 + 10*u + 10. Calculate y(-7).
283
Let l(c) = -2*c + 4. Calculate l(17).
-30
Let w(g) = -3*g**3 + 48*g**2 - 3*g + 40. Determine w(16).
-8
Let y(q) = 26*q - 32. Give y(-6).
-188
Let w(x) = -8*x**2 - 62*x + 69. Determine w(1).
-1
Let m(z) = -107*z**3 + 3*z**2 + 14*z - 16. What is m(1)?
-106
Let s(q) = 16*q**2 + 436*q + 110. Give s(-27).
2
Let z(k) = -3*k - 65. Determine z(13).
-104
Let n(j) = -j**2 + 8*j + 103. Calculate n(15).
-2
Let v(z) = -9*z**3 - 5*z**2 + 38*z + 38. Determine v(-1).
4
Let m(x) = 3*x**3 - 208*x**2 - 159*x + 1321. Give m(70).
-9
Let z(t) = 293*t**2 - 1172*t - 12. What is z(4)?
-12
Let c(k) = -36604*k - 109819. Give c(-3).
-7
Let t(l) = -l**3 - 20*l**2 + 122*l - 78. Give t(-25).
-3
Let c(y) = 129*y**3 + y**2 + 9*y - 9. Give c(1).
130
Let a(k) = -17*k**3 + 8*k**2 + 3*k + 6. Calculate a(-2).
168
Let o(f) = -f**2 - 37*f - 80. What is o(-24)?
232
Let n(p) = 27*p**3 + 3*p**2 + 95*p - 99. Calculate n(1).
26
Let v(t) = 4766*t + 42894. What is v(-9)?
0
Let k(f) = -80*f + 7. Give k(1).
-73
Let i(z) = -z**2 + 29*z + 70. What is i(30)?
40
Let q(m) = -42*m + 1645. Give q(39).
7
Let v(k) = 276*k - 1711. What is v(6)?
-55
Let z(k) = -262*k - 11510. What is z(-44)?
18
Let n(y) = -y**3 - 28*y**2 + 247*y + 43. Determine n(-35).
-27
Let t(x) = -8*x**3 + 22*x**2 - 31*x - 3. Give t(2).
-41
Let m(j) = 24*j - 25. What is m(1)?
-1
Let g(i) = -6*i**2 - 370*i + 55. What is g(-62)?
-69
Let f(n) = 4708*n + 14104. Give f(-3).
-20
Let w(i) = 7*i**3 - 7*i**2 + 9*i + 1. 